t is the units digit of b(f)?
6
Let c(z) = -2*z - 1. What is the units digit of c(-10)?
9
Let q(v) = v**2 + 14*v + 20. What is the units digit of q(-15)?
5
Suppose 3*a + 9*w = 4*w - 15, 2*w + 6 = a. Let d = a + 5. Suppose 8*l - 36 = d*l. What is the tens digit of l?
1
Let a = 15 + -1. Let q be a/21 - (-1)/3. Let s(v) = 15*v - 1. What is the tens digit of s(q)?
1
Suppose 3*k - 6 - 18 = 0. Suppose 0 = -5*v + 7 + k. What is the units digit of v?
3
What is the units digit of 12 - 3 - (0 - 0)?
9
Let h(b) = -b**2 + 19*b + 36. What is the tens digit of h(15)?
9
Let v(z) = z**3 - 4*z**2 + 2*z - 6. Let y be v(4). Suppose -2*o = 4*c - 14, -2*o + 2 = y*c - 8. Suppose 4 = -c*p + 20. What is the units digit of p?
8
Let v(u) = u**3 + u**2 - u + 2. Let j be v(-2). Suppose -n = -j - 7. What is the units digit of n?
7
Suppose -q - 15 = -6*q. Suppose t = -3*o + 1, 0 = 4*o + q + 9. What is the units digit of t?
0
Suppose -5*c + 18 + 22 = 0. What is the units digit of c?
8
Let s(c) = -c**2 - 6*c - 4. Suppose -4*v - 6 - 6 = 0. Let f be s(v). Suppose -3*b - f + 26 = 0. What is the units digit of b?
7
Let j = 5 + -9. What is the units digit of j/(-1) + -3 + 4?
5
Let n = 5 + -2. Suppose -32 = -s - n*s. What is the units digit of s?
8
Suppose 0 = v + v. Suppose 0 = w - v*w - 2. What is the units digit of w?
2
Let p be (0/(-2) - 1)/1. What is the units digit of (20 - p)*(-8)/(-12)?
4
Let f = 3 + -1. Suppose -s = 8 - f. What is the units digit of s/(-3) + (0 - -1)?
3
Suppose 2*r = 3*m + 616, 2*r - 612 = 3*m - m. What is the tens digit of r?
0
Let u = 219 - 1509. What is the units digit of u/(-25) - (-2)/5?
2
Let l(f) = f**3 - 2*f**2 - 2*f. Let q be l(3). Suppose 0 = -2*j + q*j + 2, -s + 2*j + 1 = 0. Let g = 4 - s. What is the units digit of g?
7
Suppose 3*u = 41 + 4. What is the units digit of u?
5
Let k(o) = -o**2 - 25*o - 24. What is the tens digit of k(-20)?
7
Let k(g) = -2 + 5 + 2*g + 0*g. Let f be k(5). Suppose p - f = 2*y - 0*y, 0 = 4*p - 5*y - 46. What is the units digit of p?
9
Suppose -11 = -3*c - 2, -c = b - 236. What is the hundreds digit of b?
2
Suppose 3*r - 44 - 73 = 0. Suppose -r = -2*k - 13. Suppose 4*o - 19 = -5*s, s - k = 2*s + 5*o. What is the units digit of s?
7
What is the tens digit of 134/4 - (-6)/4?
3
Suppose -j + 5*s + 181 = 2*j, 2*j + 4*s - 84 = 0. What is the units digit of j?
2
Suppose d = -0*d + 17. What is the units digit of d?
7
Let a(g) be the second derivative of g**3/6 + 4*g**2 + g. What is the units digit of a(0)?
8
Let c(d) = d**2 - 5*d + 2. What is the units digit of c(6)?
8
What is the tens digit of 0 + 205 + (30/(-6))/5?
0
Let b(i) = 3*i - 3. Let h be b(2). What is the units digit of (5/h)/((-2)/(-12))?
0
Let v = -6 + 8. Let d be v/(-11) - (-456)/(-33). Let r = d - -21. What is the units digit of r?
7
Suppose 0*d + 2*d - 24 = 0. Let m = d - -4. What is the units digit of m?
6
Suppose 3*l = -2*l + 45. What is the units digit of l?
9
Let j = -53 - -89. What is the tens digit of j?
3
What is the tens digit of ((-49)/(-4))/((18/(-6))/(-12))?
4
Suppose 4*a - 4*k = 127 - 323, 142 = -3*a + 4*k. What is the tens digit of (a/4)/(6/(-8))?
1
Let o(u) be the first derivative of u**4/3 + u**2/2 - u - 2. Let i(k) be the first derivative of o(k). What is the units digit of i(1)?
5
Suppose -3*f + 6*f - 27 = 0. Suppose 0 = -2*t + 2*a - 3*a + f, -3*t + 4*a + 41 = 0. What is the units digit of t?
7
Let v(z) be the second derivative of z**5/20 + z**4/3 - 2*z**3/3 + 3*z**2 - z. Let i be v(-5). Let d = 7 + i. What is the units digit of d?
8
What is the units digit of (-3 - -47) + -6*1/(-3)?
6
What is the units digit of (-654)/4*(24/9)/(-2)?
8
Suppose -p - 99 = -2*p. Suppose 0 = -4*v + 1 + p. What is the units digit of (-3)/5 - (-165)/v?
6
Suppose -g + 110 = 33. Let x be 1141/g - 4/(-22). Suppose -o - 8 = -4*w + 19, 0 = -5*w + 5*o + x. What is the units digit of w?
8
Let u be (-15)/(-18) + 1/6. Suppose -u = h - 5. Suppose 0 = 2*d + 8, -8 = -2*w - d - h. What is the units digit of w?
4
Let a(f) = -f**3 - 3*f**2 + 3*f + 5. Let b be a(-4). Suppose -19 - 116 = -5*x. What is the units digit of (-2)/b - (-60)/x?
2
Let m = -17 - -88. What is the tens digit of m?
7
Let p(b) = 3*b. Let h be p(-1). What is the tens digit of -3*(1/(-1) + h)?
1
Suppose k - 12 = -3*k. Suppose 0*a - 4*p + 36 = 3*a, 3*a + k*p - 36 = 0. What is the tens digit of a?
1
Suppose -x - 2*i - 3*i = -27, -4*x + 5*i + 133 = 0. What is the units digit of x?
2
Let q = -7 + 2. Let a = 8 + q. Suppose -6*r + 21 = -a*r. What is the units digit of r?
7
Let d be 2 - (1 + 1 + -56). Suppose 0 = o + 4*o - k - d, -3*o = 2*k - 44. What is the tens digit of o?
1
Let a be (-3 - -1) + (-18)/(-3). Let w = -1 - -12. Suppose 0 = 2*n + 5*c - 16, n - w = -0*c - a*c. What is the units digit of n?
3
Let y be (8/20)/(1/10). Suppose 0 = -y*v - 0*v - 44. Let j(f) = -2*f - 6. What is the units digit of j(v)?
6
Let n(x) = 3*x - 1. Let y be n(3). Suppose -10 = -l + y. What is the tens digit of l?
1
Suppose -2*o + 8 = 3*i - o, -i + 5 = -2*o. What is the units digit of (1 - i/(-12))*4?
5
Let u(d) = 2*d + 16. What is the units digit of u(10)?
6
Let g(s) be the second derivative of 2*s**2 + 2*s + 1/12*s**4 - 2/3*s**3 + 0. What is the units digit of g(4)?
4
Suppose -2*x + 147 = -17. What is the tens digit of x?
8
Let w = 6 - 5. Let g be 17 + w/(2/(-2)). Suppose l - 8 = -3*a - 2*a, -5*a + g = 2*l. What is the units digit of l?
8
Let f(h) = 2*h + 69. What is the tens digit of f(-20)?
2
Let b = -9 - -17. Suppose 0 = t - 3*t + b. What is the units digit of t?
4
Suppose -q - 2*r = 10, -3*q + 0*q + 5*r - 19 = 0. Let w = q - -12. Let n = w + -2. What is the units digit of n?
2
Suppose -3*h - 5*f + 30 = 0, 3*h - 4*f + 7 = 2*h. Suppose -h*d = -d - 12. Let v = 9 - d. What is the units digit of v?
6
Let s(l) = -l**3 + l - 3. Let n be s(-3). Let v = n - -19. What is the units digit of v?
0
Let k(r) = -r**3 + 7*r**2 - 7*r + 8. Let h be k(6). Suppose 0 = h*d - 31 - 7. What is the tens digit of d?
1
Suppose -54*r + 51*r + 687 = 0. What is the units digit of r?
9
Let k(n) = -n + 20. What is the units digit of k(-10)?
0
Suppose 0 = -5*x - v + 19, 2*x - 4*v = x + 8. Let c(j) = j**3 - 4*j**2 + 2*j - 5. What is the units digit of c(x)?
3
Let n(h) = h**2. Let m be n(-2). Suppose i = 5*j + 14, -m*i - 27 - 9 = 3*j. Let l(r) = -r. What is the units digit of l(i)?
6
Suppose 0*g + 3 = g. Let k = g - 0. What is the units digit of (5 + -7)*k/(-2)?
3
Let q(j) = 104*j**2 - 1. What is the tens digit of q(-1)?
0
Let l be (-1 + -1)/(10/(-30)). Let d = 4 + l. What is the units digit of d?
0
Suppose 4*g + 282 = 2*q, -5*g + 704 = 5*q + 29. What is the tens digit of q?
3
Let a = 2 + 120. Suppose -5*d + a = -18. What is the tens digit of d?
2
Suppose -3*w + 6*w - x + 69 = 0, w = 5*x - 37. Let r = w - -46. What is the tens digit of r?
2
Let y = -46 - -71. What is the units digit of y?
5
Let c be (-2)/(-8) - 21/(-12). Suppose -5*d - 92 = -3*z, c*z + d - 56 = 3*d. What is the tens digit of z?
2
Suppose -20*l = -10*l - 1990. What is the tens digit of l?
9
Let s(g) = -g**2 - 13*g + 6. What is the units digit of s(-12)?
8
Suppose -5*u + 135 = -140. Suppose -3*n = -5*l - 115 - u, n - l = 54. Suppose -7*k + 2*k + n = 0. What is the tens digit of k?
1
Let r = -12 + 27. Let b = r + -22. Let j = b + 13. What is the units digit of j?
6
Let t(k) = 224*k**3 + k**2 - 2*k + 2. What is the tens digit of t(1)?
2
Suppose 5*z - 5*x - 4 = 1, x + 9 = 5*z. What is the units digit of ((-4)/24)/(z/(-12))?
1
Let n = 44 - 70. Let c = n + 69. What is the tens digit of c?
4
Let k(o) = -o**2 - 5*o - 2. Let l be k(-3). Suppose -g + 5*g - 4*w + 4 = 0, 5*g = -l*w + 13. What is the units digit of 1/((-3*g)/(-27))?
9
Suppose -4 = -b - 0. Suppose 0 = -b*r + 4 - 0. Let v(y) = 5*y**3 + 2*y**2 - 2*y + 1. What is the units digit of v(r)?
6
Suppose h - 1 = -3*c - 92, 5*c = 5*h - 125. Let w = 47 + c. What is the units digit of w?
8
Let r(g) = g**2 + 8*g + 24. What is the tens digit of r(-10)?
4
Let s(z) = 2*z**2 - 15*z - 4. Let c be s(11). Let w = -41 + c. What is the units digit of w?
2
Suppose 2*z + 167 = -2*v + 431, -4*z + 532 = 3*v. What is the tens digit of z?
3
Let x(w) = 42*w - 14. Let f be x(6). Suppose -5*q + f = -4*o, q = -3*q + 4*o + 188. What is the tens digit of q?
5
Suppose -m + 2 = 0, 5*